ime?
False
Suppose 35*a = 48 + 22. Suppose 5*g + 4*k - 6494 - 813 = 0, -a*k = 5*g - 7301. Is g a composite number?
False
Let z = 243 - 247. Is (-23)/6 - z - (-4517)/6 a prime number?
False
Let a(l) = -5*l**3 - 9*l**2 + 9*l + 1. Let u be a(-7). Let y = u - -731. Is y a prime number?
False
Suppose -1501 = 2*t + 5*l, 5*t + 2267 = -2*l - 1454. Let k be t/(-1) - (-2 + 6). Suppose 5*c = 2*c + 6, 0 = u - 3*c - k. Is u a prime number?
False
Suppose 0 = 179*f - 3871892 - 10648230. Is f prime?
False
Is 2706 - 0 - (-26 - -25) prime?
True
Suppose -3*m + 5*f = -58568, 235*m - 39087 = 233*m - 5*f. Is m composite?
False
Let s = -893183 + 2277268. Is s a prime number?
False
Suppose 0 = m - 12*m - 2319 + 15662. Is m a composite number?
False
Let x = 2020 - 47. Let i = x + 392. Suppose -2*s + i = 3*s. Is s a composite number?
True
Let h(j) = -368*j**3 + 38*j**2 + 26*j + 9. Is h(-7) prime?
True
Let h(o) = -85*o**2 + 40*o - 71. Let x(f) = 83*f**2 - 41*f + 70. Let y(r) = -3*h(r) - 2*x(r). Is y(-20) prime?
True
Let i(x) = 237*x - 29. Let c(u) = 236*u - 30. Let y(w) = -2*c(w) + 3*i(w). Let q be y(-10). Let t = -1020 - q. Is t composite?
True
Suppose 0 = -0*k - 4*k. Suppose 2*j + 2*u = j + 1580, k = -u. Suppose -5*y - 3*o + 1570 = 0, 0*y - o + j = 5*y. Is y composite?
False
Let o(l) = 7*l**3 - 3*l**2 - 9*l + 4. Let z be o(6). Suppose -2*b + z = 42. Let c = b - -233. Is c prime?
False
Let a(l) = -15*l**3 - 44*l**2 - 181*l - 23. Is a(-15) a composite number?
True
Let d = 104 + -101. Let y be 3 + -1 + d + -8 + -3. Is (5638/(-12))/(1/y) a prime number?
True
Let p = -168 - -158. Is (2 + (-263860)/(-15))/(p/(-15)) a composite number?
True
Let u(w) = -2*w**3 - 61*w**2 - 38*w - 40. Let p be u(-30). Let i = 211 + p. Is i composite?
True
Let x(f) = 2875*f**2 - 36*f + 10. Is x(5) a prime number?
False
Let r(b) = 13*b - 80. Let z be r(6). Is z/(-17) - 718*(-3870)/204 composite?
True
Is -25 + 32 + 1856543 + 5 composite?
True
Suppose 63346 + 53758 = 8*j. Suppose 9*a - j - 21425 = 0. Is a a prime number?
True
Suppose 2*l - 35 = -5*j, 2*j - j = 5*l - 20. Is 0/(3 + l) + 4909 a composite number?
False
Let b be (-6)/(((-55)/(-40) - 1)*-4). Suppose 2*t - 5*n = -3*t + 7015, -b*n + 5580 = 4*t. Is t a composite number?
False
Let q = -30088 + 290857. Is q prime?
False
Let x(r) = -3079*r**3 - 11*r**2 - 28*r + 7. Is x(-6) a prime number?
True
Suppose 10*j = 7*j - 4*d + 24, -2*j - 7 = -5*d. Is 2/j - 13356/(-24) a composite number?
False
Let s(b) = 16428*b - 653. Is s(27) prime?
True
Suppose -4*m + 64523 = c, -32*c - m = -28*c - 258032. Is c a prime number?
False
Let h(r) = 56*r - 42. Let m be h(7). Let v = m + -109. Let u = v - 50. Is u composite?
False
Let j = -359 - -39. Let y = 1549 - 800. Let v = y - j. Is v a composite number?
False
Is (((-5)/(-15))/1)/((-17)/(-726342)) prime?
False
Suppose -423*d = -87*d - 7802928. Is d composite?
True
Let h(y) = -2*y**3 + 31*y**2 - 101*y + 81. Is h(-34) composite?
False
Suppose 0 = -9*l - 5 + 41. Suppose -l*s = -2*i + i - 2, -3*i + 5*s + 8 = 0. Is i/2 + -2*2010/(-6) a prime number?
True
Let s = -41 + 37. Let v(j) = j + 2. Let z be v(s). Is (-1*1/z)/(9/37890) prime?
False
Let i = -224 + 947. Let r = 106 + i. Suppose 4*q = 15 + r. Is q prime?
True
Let u(q) = 15*q - 40. Let j be u(12). Let h = 151 - j. Is 16807/8 - h/(-88) prime?
False
Let j(w) = 3783*w**2 + w. Let o be j(-1). Let z = -1214 - -1216. Is o/3 + 0 + z/6 composite?
True
Let k(y) = 291*y + 149. Let d(t) = 146*t + 75. Let g(o) = 9*d(o) - 4*k(o). Is g(6) a prime number?
False
Let r(k) = -k**3 + 7*k**2 - 6*k - 5. Let m be r(5). Let s be 0/1 + -13 + m. Suppose s*f = t - 0*t - 69, -4*t + f = -269. Is t composite?
False
Let n(h) = -6*h + 9. Let k be n(-4). Suppose -3*b = -0*b - k. Suppose b*v - 2032 = 3*v. Is v a composite number?
True
Let a(k) = -2*k**3 + 75*k**2 + 18*k - 308. Is a(-33) a prime number?
False
Let v be (3 - 2)/(1*(-3)/12). Let w be ((-98)/(-5 - v))/(-1). Is 7/(w/(-22281))*20/6 composite?
True
Let l(y) = 4*y**3 + 3*y**2 - y - 3. Let a be l(1). Suppose -3*k = a*k - 262374. Is k prime?
False
Let k(t) = -t**2 + 6*t - 7. Let g be k(3). Suppose -a + 4*m = -2317, 0*a = a - g*m - 2325. Is a a prime number?
True
Suppose -5*j = -3*b - 240794, j - 9041 - 39110 = -2*b. Is j composite?
False
Let z = -2839 - -1961. Let j = 41 - z. Is j a composite number?
False
Let q(c) = -10827*c. Let t be q(-3). Suppose -8*m + t = -37415. Is m composite?
False
Let b = -97 + 154. Let z = b + -81. Is -1994*4/z*3 composite?
False
Let t be (-11)/(-22) + (-12438)/4 + 0. Is (-2)/2*(0 + t) a composite number?
False
Let w be -5 + ((-38500)/16 - 3/(-12)). Let f = 9844 + w. Is f composite?
False
Suppose -1055525 = 25*a - 50*a. Is a a prime number?
True
Is -8 - (0 + -3 - 48022) prime?
True
Let o = 155539 - 80952. Is o a composite number?
False
Let j = 187228 + -133667. Is j composite?
True
Let d = -38930 + 67989. Is d composite?
False
Suppose -2*x + 7*b - 3*b + 18478 = 0, 0 = -x - 3*b + 9224. Is x composite?
True
Suppose -7*b + 3815 - 882 = 0. Let g = b + -77. Let y = g - 119. Is y a prime number?
True
Suppose s + 4 = -g + 4*g, -3*s + 16 = 5*g. Is -2 + (1140/g - 5) prime?
True
Suppose 21824 + 785691 = -22*n + 27*n. Is n a prime number?
True
Let o(j) = -j**3 + 2*j**2 - 21*j + 13. Let g be o(6). Is 4 + (-24)/3 - g a prime number?
False
Is 1/(4*(9/31596)/3) composite?
False
Let z(g) = 16*g**2 + 7. Let q(w) = -w**2 + w - 2. Let p(n) = 4*q(n) + z(n). Is p(5) composite?
True
Let y be 16758/(-2) + (-11 - -5). Let a = y - -15142. Is a a composite number?
True
Let o(p) = 351*p**2 - 10*p + 28. Let y be o(7). Let l = y - 2698. Is l a prime number?
False
Suppose 11*w - 3337533 + 355598 = 0. Is w a prime number?
False
Suppose -2626171 - 30295497 = -25*i - 27*i. Is i composite?
True
Let m = -88 + 96. Let y(d) = -52*d + 4 + 11*d - 16 + m. Is y(-5) a prime number?
False
Let v(x) = x**3 + 10*x**2 - 11*x. Let i be v(-11). Let d(m) = m**3 + 2. Let k be d(i). Suppose k*t - 4*h - 143 = 267, 2*t + 5*h = 428. Is t a composite number?
True
Let b = -142 - -142. Suppose y = -4*t - b*t + 6, -4*t + 16 = -4*y. Is ((-10556)/16)/7*y*2 composite?
True
Suppose 2*b = z - 34983, 8*z = -2*b + 5*z - 34987. Let t = -10081 - b. Is t a prime number?
True
Let d = -324 - -472. Let m = 25 + -41. Is d*(-5 + 1)/m prime?
True
Suppose 43*q + 91*q - 30*q = 1070056. Is q prime?
True
Suppose 0 = -3*t - 4*n + 708311, 20*n - 21*n = 1. Is t prime?
False
Suppose -2*b = 41881 + 21411. Let m = -18279 - b. Is m a composite number?
False
Let l = 117112 - 50549. Suppose 10*s - l = -5293. Is s a prime number?
False
Let z = -164198 + 346489. Is z composite?
True
Suppose 222472 = -10*n + 634432. Suppose 14*f = 26*f - n. Is f a prime number?
True
Let z be -3*(-4)/6*-1. Let j be 0 - (3/3 + z) - -3. Suppose -5*k = -10, -3123 = -j*b - 2*k - 331. Is b a composite number?
True
Suppose 34 = 3*l + 19. Suppose 5*x - 21 = -4*o, -8*o + 3*o - 30 = -l*x. Suppose 10*s - x*s - 5435 = 0. Is s prime?
True
Suppose 0 = -2*h - 137 + 97. Let l(c) = 5*c**2 + 30*c - 1. Is l(h) prime?
True
Suppose -f + 26 = -4*l, 0 = 5*f + 5*l - 153 - 2. Let v be 1 + -3 + f/3. Is 4/6*(-4)/v*-7491 prime?
False
Suppose 5*p + 3 = -2. Let n(o) = -1. Let t(r) = -86*r + 10. Let f(d) = p*t(d) - n(d). Is f(10) a composite number?
True
Let s be 7576/16*3/(-6)*-4. Suppose z = -q + s, 3*z = 4*q + 6*z - 3790. Is q a prime number?
False
Suppose 4*l - 3086107 = -m - 4*m, -2*l + 1543037 = -3*m. Is l composite?
True
Suppose 0 = -0*u + 3*u + 4*h - 12, 0 = 4*u + h - 3. Let c(g) = -20*g + 51149. Is c(u) composite?
True
Suppose 4*m = 5*v + 1295 - 5528, 0 = -2*v - 2*m + 1686. Let d = 936 + v. Is d a prime number?
False
Let a(p) = 204*p - 5 - 4 - 908*p. Is a(-8) a composite number?
False
Let j(k) = -19*k**3 + 44*k**3 - 1 - 20*k**3 + 2*k - 2*k**2. Let t be j(1). Suppose 1953 = 3*f + t*z - 8*z, 0 = -5*f - z + 3232. Is f a composite number?
False
Let v = -15 + 29. Suppose 2*r = 4*x + v, x + 15 = 2*r - 4*x. Suppose -r*f - 5*o + 1314 + 251 = 0, -4*f = 2*o - 1254. Is f a prime number?
False
Suppose -44050649 = 101*r - 80008850 - 114618962. Is r a prime number?
False
Let p(d) be the third derivative of 137*d**5/30 + d**4/8 - 5*d**3/6 + 4*d**2 - 1. Is p(4) prime?
True
Let j = 14944 - 4887. Is j a prime number?
False
Let v = 6865 - 1959. Suppose 6*p =